 i(z) = z**3 + 42*z**2 + 63*z - 115. List the prime factors of i(-38).
3, 11
Let s = 557 + -226. List the prime factors of s.
331
Suppose -5*j + 0*j + h + 19 = 0, j - 11 = 2*h. Suppose 41 = n + j*v, 0*n + 4*v + 224 = 5*n. List the prime factors of n.
2, 11
Let z = -7999 - -5320. List the prime factors of (-16)/88 + z/(-33).
3
Let f = 3 - -24. Let c = 19 - f. Let g(v) = -v + 6. What are the prime factors of g(c)?
2, 7
Let s = 466 - -44. Suppose 4*h - s = -h. What are the prime factors of h?
2, 3, 17
What are the prime factors of -4 + 2*12/8 - -533?
2, 7, 19
Suppose 0 = -t - 2*y + 174, 3*y = -t + 85 + 89. List the prime factors of t.
2, 3, 29
Let p = 1012 - 526. List the prime factors of p.
2, 3
Let q = 66 - 40. Let l = q - 9. Suppose 3*p - 50 = -l. What are the prime factors of p?
11
Let s be (7 + -8)/(0 + -1). Let a be -1 - s - (-33)/(-1). Let m = 60 + a. What are the prime factors of m?
5
Let k = -99 + 375. What are the prime factors of k?
2, 3, 23
Let x be 6/(4/(-8) + 2). Suppose -b - f + 33 = 3*b, x*b = -2*f + 38. Suppose 4*t + 27 = b*t. List the prime factors of t.
3
Let n(o) = -o**3 - 6*o**2 - 9*o - 43. List the prime factors of n(-12).
929
Let t(j) = 3*j + 7. Let u(y) = -y + 1. Let n(s) = t(s) + 2*u(s). Let c be n(-7). Suppose -5*v = 2*d - 228, 3*d + 80 = c*v + d. List the prime factors of v.
2, 11
Suppose 5*t = -28 + 163. Suppose q = -t + 72. What are the prime factors of q?
3, 5
Let w = -17 - -20. Suppose w*p = -5*q - 7 + 47, -q = 4*p - 59. Suppose 0*c + 37 = 4*s + c, -3*c = -p. List the prime factors of s.
2
Suppose -3*f = 2*t - 43, 3*f + 3*t = 5*t + 47. Suppose 3*c = -4*u + 200, -2*u + f = 5. What are the prime factors of c?
2, 3, 5
Let x(q) = 14*q - 5. Let k be x(6). Let f be (-324)/(-243)*(-231)/(-2). Let z = f - k. What are the prime factors of z?
3, 5
Let u = -21 - -25. Suppose 33 = 2*q - q - 5*v, q - u*v = 31. What are the prime factors of q?
23
Let i be (5 - -2) + -4 + -2. Let d = 63 - 156. What are the prime factors of ((i - 2) + d)/(-2)?
47
What are the prime factors of 0 + (-19)/(152/(-17648))?
2, 1103
Let m(k) be the first derivative of 4*k**3/3 - 8*k**2 + 15*k - 23. What are the prime factors of m(6)?
3, 7
Suppose -s = -2, -5*v - 2*s + 5 = 76. List the prime factors of (-594)/v + 6/(-10).
3, 13
Suppose 5*w = 4*s + 721, -5*s + 0*s = w - 150. Suppose -f = 4*f - w. Let y = 40 - f. What are the prime factors of y?
11
Let h(l) = 5*l**3 - 11*l**2 + 57*l + 14. What are the prime factors of h(8)?
2, 1163
Let t = -7325 + 11267. What are the prime factors of t?
2, 3, 73
Let a be -1*-20*(3 + -2). Suppose 3*l - 204 = -3*l. Let x = l - a. What are the prime factors of x?
2, 7
Let q = 194 - 133. Suppose -2*x - 3 + q = 0. Suppose -4*i + 119 = -x. What are the prime factors of i?
37
Let v = -2055 + 2517. What are the prime factors of v?
2, 3, 7, 11
Suppose 2*p - 7*c - 20 = -10*c, 2*p + 2*c = 18. Let x(u) = -u**3 + 9*u**2 - 11*u - 7. List the prime factors of x(p).
2, 7
Let u(r) = -r - 1. Let c(i) = -i + 4. Let a(f) = -c(f) - u(f). Let n be a(3). Suppose 14 = n*x + w, w = -0*w + 5. What are the prime factors of x?
3
Suppose 16*z = 760 + 2328. What are the prime factors of z?
193
Suppose 32 = -4*u + 4*w, 0 = 3*u + 4*w - 5 + 1. Let m be (-8)/(-6)*(-6)/u. Suppose -j - 4*j + m*r = -222, 5*r = -j + 66. What are the prime factors of j?
2, 23
Let n = 648 - 267. What are the prime factors of n?
3, 127
Suppose -4*y + 3*n - 17 = 0, 0 = 4*n + 6 - 2. Let b(o) be the third derivative of o**5/60 - o**4/8 - 3*o**3/2 + 2*o**2. What are the prime factors of b(y)?
31
Let m(d) = 2*d + 6. Let s be m(-2). Suppose 2*f - 44 = 2*a, 0 = 5*f + s*a - 80 - 23. What are the prime factors of 4/(-16) + f/4?
5
Let f = -1316 + 3038. List the prime factors of f.
2, 3, 7, 41
Let x = 230 - 126. Let f = x - 10. List the prime factors of f.
2, 47
Suppose 0 = 3*j - 4*g - 74 - 46, 3*g - 120 = -3*j. Suppose 4*i + j = -i. What are the prime factors of -3*i/(-12) + 20?
2, 3
Let z(h) = 2*h**3 - h**2 - 3*h + 1712. List the prime factors of z(0).
2, 107
Suppose -2 = -a - 0*a. Suppose -3*v = p - 250, -a*v = -5*p + 56 - 251. Suppose -2*m - 3*m + v = 0. What are the prime factors of m?
17
Let g(b) = 7*b - 5 - 6 + 11*b + 2. Let a be g(6). Let x = a - 69. What are the prime factors of x?
2, 3, 5
Let x(s) = s**2 + 5*s + 2. Suppose 5*c + 56 = 6. List the prime factors of x(c).
2, 13
Suppose -4*f = -9*f + 545. Let d = f + 11. Suppose -5*k + d = -k. What are the prime factors of k?
2, 3, 5
Let b(k) = -12 - 12*k**2 + 25*k**2 + 14*k - 10*k**2. Let t be b(9). Suppose -5*s = 2*s - t. List the prime factors of s.
3, 17
Suppose 0 = g - 7. Let j = 10 - g. Suppose -6 + 96 = j*o. What are the prime factors of o?
2, 3, 5
Let r(j) = -j**3 - 1. Let v be r(-2). Let p(i) = -i**3 + 5*i**2 + 11*i - 4. Let m be p(v). Let b = 37 + m. List the prime factors of b.
2, 3
Let x = 108 + 842. What are the prime factors of x?
2, 5, 19
Let n = -26 - -35. List the prime factors of 1 + n/(-12) + (-402)/(-24).
17
Let u(t) = -t**3 + 12*t**2 + 14*t - 3. Let k be u(13). Let n be (-12)/42 - (-428)/28. Let v = n - k. List the prime factors of v.
5
Suppose -2*t = -159 - 275. Suppose o + 5*p + 130 = 2*o, 4*o = -3*p + 612. Let r = t - o. What are the prime factors of r?
67
Suppose 0 = 30*f - 16*f - 22554. List the prime factors of f.
3, 179
Suppose c + 555 = -83. List the prime factors of 4/6 + c/(-33).
2, 5
Let k = -3411 - -6367. What are the prime factors of k?
2, 739
Suppose -2*b = -3*c + b, 4*c = -3*b. Let f(l) = -7 + 22 - 2 + 8 + l. What are the prime factors of f(c)?
3, 7
Let x(s) = 3*s - 27. Let m be x(12). Suppose 0 = -m*r + 4*r + 675. Suppose -3*v + r = 3*y, -4*y + 3*v + 142 = -31. List the prime factors of y.
2, 11
What are the prime factors of 709/((-4)/(-3) + 3/(-9))?
709
Let w = -2 - -5. Suppose 2*h + 5*c - 147 = 0, 2*c = 2*h + w*c - 167. What are the prime factors of h?
2, 43
Suppose 5*l = -1 - 79. List the prime factors of l/20*(-10)/4 + 100.
2, 3, 17
Let o = -528 + 345. Let p = o + 289. What are the prime factors of p?
2, 53
Suppose -k + 3*k = -396. List the prime factors of (-31152)/k + (4/6)/(-2).
157
Suppose 8*f - 47 - 89 = 0. Suppose 6 = -f*u + 20*u. List the prime factors of u.
2
Let z be -3 - 1 - (0 - 0) - -3. List the prime factors of (-164 + 4)/z - -1.
7, 23
Let z = 9 + -9. Suppose -4*d = 0, o + 0*o + 2*d - 3 = z. Suppose 2*v + 24 = o*v. What are the prime factors of v?
2, 3
Let w = 143 - 71. Let o(y) = -3*y**2 + 9 + y**2 + 74*y - w*y + y**2. List the prime factors of o(0).
3
Suppose -5*m + 4308 = 1333. What are the prime factors of m?
5, 7, 17
Let t(w) = 177*w**2 - 7*w + 14. What are the prime factors of t(2)?
2, 3, 59
Let y = -2166 + 4077. List the prime factors of y.
3, 7, 13
Let a(h) = 2*h**2 - 12*h - 9. Let w be a(7). Suppose 114 = 5*t - 3*s + s, -5*t = -w*s - 120. List the prime factors of t.
2, 11
Suppose -4*o + 3628 = 5*r + 701, r + 3*o - 592 = 0. Suppose -5*y - 4*k = -44 - r, y - k - 120 = 0. What are the prime factors of y?
3, 41
Let p be 2/((-66)/(-105)) - (-2)/(-11). Let i = 63 + p. List the prime factors of i.
2, 3, 11
Let j = 28 - 19. Let i be (j/(-18))/(1/14). What are the prime factors of (-40)/i*(-63)/(-18)?
2, 5
Let k(y) = -4*y - 36. Let q be k(-11). Let n(f) = 3*f**2 - 10. What are the prime factors of n(q)?
2, 7, 13
Let v(k) = k**2 + k - 1. Let f be v(3). Let m = 25 + f. List the prime factors of m.
2, 3
Suppose k = -5*l + 214 - 22, 2*k = -l + 339. What are the prime factors of k?
167
Let u be -2*(155/(-2) + -4). Let n = -43 + u. Suppose n - 6 = 3*f. List the prime factors of f.
2, 19
Let l(h) = -h**3 - 4*h**2 + h - 2. Let n be l(-5). What are the prime factors of (-480)/36*n/(-4)?
2, 3, 5
Suppose -5*s = 2*j - 54, 4*j + 3*s - 140 = s. Let i = j + 17. What are the prime factors of i?
2, 3
Suppose -3*l = -t - 2508, -3*l - 4*t = -7*t - 2508. What are the prime factors of l?
2, 11, 19
Let s(r) = 7*r**3 + 2*r**2 + 7*r - 21. What are the prime factors of s(6)?
3, 5, 107
Let s(c) be the first derivative of -c**4/4 - 8*c**3/3 + 7*c**2 + 12*c + 5. What are the prime factors of s(-10)?
2, 3
Suppose p - 234 = 2*l - 0*l, -5*p - 5*l = -1125. Suppose 4*g + 2*n - p = 0, 5*g - 3*n + 0*n - 307 = 0. List the prime factors of g.
59
Let b(w) = 103*w**3 - 4*w**2 + w. List the prime factors of b(2).
2, 3